*6/120 + i**5/60 - i**4/24 + i**3/3 - 5*i**2. Give a(x).
2
Let x(v) = -v + 6. Let w be x(6). Let f be w/(-3*(-2)/3). Let b(g) = 0*g + g + f*g - 1. What is b(4)?
3
Suppose j - 9 = -2*s, -3*s - 2*s = -10. Suppose 0*d - j*d = -15. Let m(o) = -2*o - 3*o**2 + 2*o**2 - d*o. Give m(-4).
4
Let x be (-36)/6*3/(9/(-4)). Let p(v) = -3*v + 10. Give p(x).
-14
Let m(a) = a**3 + 7*a**2 + 5*a - 1. Suppose 4*z - 6 - 6 = 0. Suppose -5*i - 24 = z*w, -4*i + 5*w = -13 + 47. What is m(i)?
5
Let t(j) be the second derivative of j**4/12 - j**3/3 - 3*j**2/2 + 8*j. Give t(-2).
5
Let k(m) = m**2 - 3*m - 4. Let l = -24 - -9. Let d = -10 - l. Give k(d).
6
Let u(v) = v**2 + 4*v + 4. Let t be -7 + 1 - (3 + -5). Determine u(t).
4
Let p = 6 + -4. Suppose 3*n - 2 = d + 2*n, p*d + 5*n = 3. Let u(k) = -8*k**2 - k. Calculate u(d).
-7
Let f(j) = -3*j + 1. Let h(p) = -p + 2 + 2 + 1. Let b = -3 + 9. Let x be h(b). Determine f(x).
4
Let d(m) = m**2 + 7*m. Let a = -6 - 0. What is d(a)?
-6
Let b be 126/(-35)*(-5)/3. Let a(d) = 7*d**3 + d**2 - 3*d + 3. Let g(m) = 13*m**3 + 2*m**2 - 6*m + 5. Let c(z) = b*g(z) - 11*a(z). What is c(-2)?
-1
Suppose -3*j + j + 2 = 0. Let w be j + (-2)/(-1)*-1. Let u(x) be the first derivative of -7*x**4/4 + x**2/2 + 1. Determine u(w).
6
Let v(x) = x**2 + 7*x - 14. Let o be v(-8). Let r(h) = -h. What is r(o)?
6
Let y(l) = -2*l + 4. Let p be y(7). Let t = p + 15. Let k(s) = -s**2 + 3*s. Determine k(t).
-10
Let o(u) = -u**2 - 6*u - 5. Suppose 2*p + 20 = -3*p. Let f be o(p). Let y(x) be the first derivative of -x**4/4 + 4*x**3/3 - x**2/2 - x + 1. Determine y(f).
5
Let c(d) = 3*d + 1. Let j(a) = -a**3 + 7*a**2 + 9*a - 4. Let w be j(8). Let s be (-52)/(-20) - w/(-10). Suppose -2*u = -s*u - 3. Give c(u).
-8
Let w(j) = -j**2 - 8*j - 7. Let l = 2 - 10. What is w(l)?
-7
Let a(p) = -p**2 - 2*p - 6. Suppose 7 - 2 = -i - z, -2*i + 5*z - 3 = 0. What is a(i)?
-14
Let n(v) = -2*v + 7. Suppose -5*j = 5*c - 20, -6*j + 3*c + 60 = -j. Let h(a) = 7*a - 29. Let g(y) = j*n(y) + 2*h(y). Give g(5).
-15
Let l(o) be the first derivative of 1/2*o**2 - 2 + 1/3*o**3 - 5*o. What is l(0)?
-5
Let x(l) = -23 - 15 - l**2 + 2*l - 6*l**3 + 37. Suppose -1 = -n - 0*n. Calculate x(n).
-6
Let k(g) be the third derivative of 1/6*g**3 + 1/60*g**5 + 0 + 0*g - g**2 + 1/24*g**4. Let f = 2 - 0. Determine k(f).
7
Suppose 0 = -0*v + 2*v - 6, -5*q + v = -197. Suppose 6*w - q = w. Let h = -7 + w. Let z(a) = -a + 1. Give z(h).
0
Let w(d) = -5*d**2 - 2*d - 1. Let h be w(-1). Let q(f) = -2*f - 5. Give q(h).
3
Let c(v) be the third derivative of v**7/840 + v**4/12 - v**3/2 + 3*v**2. Let g(t) be the first derivative of c(t). Determine g(2).
10
Let w(n) = -n + 3. Let y = 5 - 3. Suppose d - y*d = -3. Determine w(d).
0
Let g(u) be the second derivative of u**5/20 - 5*u**4/12 - u**3/3 + 5*u**2/2 + 23*u. Determine g(5).
-5
Suppose 4*t + n + 4*n = 37, 7 = 4*t - n. Let u be (-13)/t - (-2)/6. Let z(x) = x - 9. Let k(v) = 2*v - 14. Let r(b) = 5*k(b) - 8*z(b). Determine r(u).
-6
Let s(i) be the first derivative of -i**4/4 - 3*i**3 - 7*i**2/2 + 11*i - 45. Give s(-8).
3
Let u(a) = a**3 + a. Suppose 8*n = 4*n - 8. Let l(m) = 6 - 2 + m**3 - 3 + 4*m**2. Let w(s) = n*u(s) + l(s). Determine w(4).
-7
Let y(w) = w**2 - 15*w + 54. Let k be y(9). Let u(f) be the third derivative of -3*f**2 + 0*f**3 + 1/60*f**5 + 0*f + k - 5/24*f**4. Determine u(5).
0
Let z be 0*4/4 + -3. Let q(y) = y**2 + y - 3. Determine q(z).
3
Suppose 3*i = -2*v + 4, -2*i + 4 = 4*v - 3*v. Suppose -2*s + s = -p + 6, -3*s = 3*p - 6. Let w(r) = p*r**2 - 17*r**3 - 2 + 2*r + 16*r**3 - 2*r. Determine w(i).
-2
Suppose -16 = -0*z - 4*z. Let k(q) = q**2 - 3*q + 4. Calculate k(z).
8
Let n(o) be the second derivative of o**5/20 + o**4/4 + o**3/6 - 3*o**2/2 + 12*o. Give n(-3).
-6
Let c(w) = -w**2 - 2*w + 3. Let m be 9*((-2)/(-6) + 0)*1. Give c(m).
-12
Let n(x) = 2*x**3 - 25*x**2 - 12*x - 6. Let u be n(13). Let p(g) = g**2 - 8*g - 1. Calculate p(u).
-8
Suppose -5*w = -10 - 25. Let t(j) = -j**3 + 14*j - 4. Let p(h) = 2*h**3 - h**2 - 27*h + 8. Let u(z) = -6*p(z) - 11*t(z). What is u(w)?
3
Let y(t) = -2*t**2 - 9*t - 11. Let x(f) = -f**2. Let q(b) = -x(b) + y(b). Let k be q(-8). Let s(u) = -u**3 - 3*u**2 + 2*u - 1. What is s(k)?
-7
Let p(r) = -3*r**2 - 6*r + 4. Let m(i) = -7*i**2 - 13*i + 7. Let c(z) = -2*m(z) + 5*p(z). Calculate c(-6).
-6
Let d = 51 - 53. Let a(x) be the third derivative of -x**6/120 + x**4/24 + x**3/6 - 2*x**2. Give a(d).
7
Let m(j) be the first derivative of -6 - 1/4*j**4 - 1/2*j**2 + 0*j**3 + 3*j. Give m(0).
3
Let v(l) = -l**2 - l - 1. Let x(o) = -o**3 + o**2 + 1. Let k(b) = 2*v(b) + x(b). Suppose 4*f - f + 3 = 0. What is k(f)?
1
Suppose 0 = -0*y - 5*y. Let c(x) = -1 + 6*x - 7*x - 5 - x**2. Determine c(y).
-6
Let p(q) = -q**3 + 8*q**2 - 8*q + 5. Suppose -2*r = -151 + 137. What is p(r)?
-2
Let b(y) be the second derivative of -y**5/20 + 7*y**4/12 - 2*y**3/3 - 7*y**2/2 - 6*y. What is b(6)?
5
Let t(h) = -h. Let r(l) = -2*l. Let x(p) = -r(p) + 4*t(p). Determine x(2).
-4
Let c(d) be the third derivative of 1/720*d**6 + 0 + 0*d - 1/12*d**4 + d**2 + 0*d**3 + 1/60*d**5. Let i(b) be the second derivative of c(b). Give i(5).
7
Let w(p) = 1 + 0*p**3 - 5*p**3 - p + 2*p**2 + 4*p**3 + 0*p. Determine w(2).
-1
Let y be (6/(-7))/((-16)/14 - -1). Let w(i) = -i**3 + 7*i**2 - 6*i + 4. What is w(y)?
4
Let c(y) = -5*y**2 - 6*y - y**3 - 2*y**2 + 3 + y. What is c(-6)?
-3
Let u(h) = -h - 2. Let v(n) = -2*n - 3. Let j(g) = -9*u(g) + 4*v(g). What is j(-7)?
-1
Let c(v) = v**2 - 10*v - 2. Let y(g) = -g - 1. Let f(u) = -c(u) + 6*y(u). Suppose 3*z + 1 = 3*t - 5, 5*z = -t - 34. Let p be 2/(2/z + 1). Determine f(p).
-1
Let g(h) = h**2 - 8*h + 1. Let q(t) = -t**2 + 7*t - 2. Let u(d) = -2*g(d) - 3*q(d). Let j be -5 - (2 - (-1 + 1)). Let c = j - -12. What is u(c)?
4
Let c(q) = q**3 - 6*q**2 + 6*q - 3. Suppose -s + 28 = 5*p, 4*p - 5*s + 1 = 6. Let f be c(p). Let b(n) = n + 1 + 0*n**2 - 2*n**2 + 3*n**2 - n**3. Determine b(f).
-1
Suppose -m + 3*d = 2 + 5, -5*d + 14 = -4*m. Let z(u) = -3*u - 5 + 3 + 3 - u. Determine z(m).
5
Let i(v) = 2*v**3 - v**2 - v - 1. Let y be i(-1). Let c(a) = -3*a - 1. Let h(t) = -21*t - 6. Let n(m) = 15*c(m) - 2*h(m). What is n(y)?
6
Let i(v) = -4 - v**2 - v**2 - 5 + 3 - 7*v. Calculate i(-4).
-10
Let t(s) be the second derivative of -s**4/12 - 2*s**3/3 - 3*s**2/2 - 2*s. Calculate t(-2).
1
Let c(q) = -q + 1. Let a(o) = 9*o - 1. Let k(h) = -6*h**2 + h. Let b be k(1). Let v(w) = b*c(w) - a(w). What is v(-3)?
8
Let k(w) = -4*w**3 + 6*w**2 - 7*w + 14. Let y(v) = -v**3 - v**2 + v + 1. Let s(d) = k(d) - 3*y(d). What is s(8)?
-5
Let m be (12/(-8))/((-2)/4). Suppose y + 4 = 5*y - 2*h, 3 = -m*y + 3*h. Let c(r) = r**2 + 1 + 2 + 1 - 4*r. Give c(y).
1
Let g(c) = -4*c**2 - c + 2. Let f be (-1)/3 - (-10)/3. Let s be -2 + f + -3 + 0. Determine g(s).
-12
Let d(t) = 70 - t**3 + 5*t**2 - 135 - 3*t + 68. Let g(n) = 2*n - 4. Let y(z) = z**2 + 7*z + 4. Let f be y(-7). Let u be g(f). Calculate d(u).
7
Let j(x) = -10 + 11 - 3*x + 0*x. Let t be (6/(-5))/((-2)/10). Suppose -s + t*s = -5. What is j(s)?
4
Let h(n) = n + 3. Suppose -3*l - 3 = -12. Let z be 2/(l - (-15)/(-6)). Calculate h(z).
7
Let p(s) = s - 6. Let t be ((-1)/1)/(2/(-4)). Let r = t - -2. Give p(r).
-2
Let a(i) = i**2 + 16*i + 9. Let k(m) = -m**2 - 17*m - 10. Let h(q) = -6*a(q) - 5*k(q). What is h(-10)?
6
Suppose 2*k - 3*k = -3. Let m(x) = 3*x - 7 + x**2 + 10 - 3*x**2. Give m(k).
-6
Let k be 2*(-6 + 3)/(-3). Let h(z) = k*z**3 - 2*z**2 + 2 - 2*z + 2*z. What is h(2)?
10
Let d(p) = 2192*p**3 - 2190*p**3 - 2*p - 2 - 3*p**2 + 1. Calculate d(3).
20
Suppose -3*i + 0*i = -12. Let v(n) = -7*n**2 + n**3 + 4 + 2*n**2 - 4 + 4*n. Determine v(i).
0
Let a(o) = -2 - o + 2 - 2*o. Let p(c) = 6*c + 1. Let h(b) = 13*a(b) + 6*p(b). Give h(5).
-9
Suppose 0 = 2*v + 57 - 47. Let a(l) = l**2 + 8*l + 6. Give a(v).
-9
Let i(a) be the first derivative of 1/4*a**4 - 2*a + 5/2*a**2 + 1 - 5/3*a**3. Determine i(4).
2
Let s(m) = m**2 + 7*m - 4. Let q(w) = -4*w**2 - 29*w + 15. Let b(p) = 2*q(p) + 9*s(p). What is b(-7)?
8
Let v(x) be the first derivative of -x**4/4 + 2*x**3 + 3*x**2 + 7*x - 17. Calculate v(7).
0
Suppose -17*o + 15*o = 20. Let v(q) = q + 7. Calculate v(o).
-3
Let q(k) = 9*k**2 + 10*k + 11. Let a(r) = -13*r**2 - 15*r - 16. Let n(l) = 5*a(l) + 7*q(l). 